 be -14*(2/12 - (-14)/42). What is the remainder when 36 is divided by x(w)?
10
What is the remainder when 162 is divided by ((70/25)/((-2)/10) - 0)*-4?
50
Suppose 0 = -3*y - 4*h + 48, 0*h = -5*y + 4*h + 80. Let r(f) = -19*f + 6*f**2 - y*f**2 + 5 + f**3 - 2*f**3. What is the remainder when r(-8) is divided by 6?
5
Let u = 1003 - 939. Calculate the remainder when u is divided by (102/(-4))/((-9)/6).
13
Suppose 2 = 3*b - 34. Let g(p) = -2*p**3 + 17*p**2 - 22*p + 9. Let x be g(9). Let j = -200 - x. Calculate the remainder when j is divided by b.
10
Suppose 0 = -5*r - 3*u + 1675, u = 3*r + 3*u - 1004. Suppose 12*j - 275 = -5*p, -11*p + 3*j - 154 = -15*p. Calculate the remainder when r is divided by p.
28
Suppose 8*t + 138 + 38 = 0. Let j = 14 + t. What is the remainder when 867/21 + j/28 is divided by 14?
13
Suppose -37542 - 43009 = -134*c - 11005. What is the remainder when c is divided by 86?
3
Suppose 0 = -5*v - 5*c + 730, 2*v + 16*c - 295 = 13*c. Calculate the remainder when v is divided by 36.
35
Let a(f) = 16*f - 108. Let p be a(29). Let d = p + -237. What is the remainder when d is divided by 8?
7
Suppose b + 4 - 17 = 0. Suppose 120 = 4*t + 5*n - 4, 5*t + 2*n = 138. Calculate the remainder when t is divided by b.
0
Suppose -3*z - 7 = -3*g - 991, 5*g = 3*z - 972. Calculate the remainder when z is divided by 56.
54
Let u(w) = 4*w**3 - 7*w**2 + 43*w - 115. What is the remainder when u(6) is divided by 7?
6
Let y(i) = 1587*i + 2678. Calculate the remainder when y(0) is divided by 27.
5
Let w = -2939 - -2966. What is the remainder when 45 is divided by w?
18
Suppose -23*p + 28*p = 90. What is the remainder when ((-114)/24 + 5)/(3/2796) is divided by p?
17
Let g(l) = -l + 3. Let m be g(-4). Suppose -m*p + 6*p - 91 = 0. Let f = -51 - p. What is the remainder when f is divided by 12?
4
Let t be 4/(-5) + (6940/50 - 2). Let d = t - 132. What is the remainder when d is divided by 40/24 + (-6)/9?
0
Let g(s) = -4*s**2 - 48*s + 2. Let m be g(-12). Suppose 2*q + 67 = m*l - 105, -4*l - 4*q = -328. Calculate the remainder when l is divided by 28.
0
Let s(u) = -49*u**2 - 27 + 22*u**2 - 104*u + 23*u**2. Calculate the remainder when s(-25) is divided by 27 - (2 + 0/2).
23
Suppose -3*y + 351 = 4*o, 383*y - 381*y - 4*o - 234 = 0. Calculate the remainder when 687 is divided by y.
102
Suppose 221*p = o + 216*p - 121, -2*p = -o + 103. What is the remainder when o is divided by 30?
1
Let n(r) = r**3 - 16*r**2 + 91*r - 271. What is the remainder when 691 is divided by n(10)?
28
Let o = -620 + 1627. Calculate the remainder when o is divided by 72.
71
What is the remainder when (-185)/1295 - (-2508)/14 is divided by 9?
8
Suppose 0*u = -12*u + 36. Let c be 81/15 + u/5 + -1. Suppose j - 2*z + 426 = c*j, 4*z + 314 = 3*j. What is the remainder when j is divided by 22?
18
Suppose 2*p = 2*q - 4, -5*p - 2*q = 12 + 5. Calculate the remainder when (-335)/(-15)*(0 - p) is divided by 23.
21
Let p(f) = 24*f + 1552. Calculate the remainder when 372 is divided by p(-56).
164
Suppose -3*q + 239 = -3*f - 106, f - 1 = 0. What is the remainder when q/(-8)*(1 - 9) is divided by 39?
38
Let h(x) = 3*x**2 - 12*x - 9. Let g be 1 + -59 + 1/3*9. Let m = 63 + g. What is the remainder when h(m) is divided by 18?
15
Let z = -45 + 80. Suppose -w + 0 + 13 = -k, z = 3*w - 4*k. What is the remainder when -5*((-195)/25 - 2) is divided by w?
15
Let d = 12 - 2. Suppose x - 39 = 2*u + d, -4*x = 5*u - 235. What is the remainder when x is divided by (98890/396)/31 + (-3)/54?
7
Let k = 13244 + -13241. Calculate the remainder when 3 is divided by k.
0
Suppose 9*i + 3*i - 1573 = -i. Suppose u + 3*h = 23, -109 = -4*u - 2*h + 13. What is the remainder when i is divided by u?
25
Let s = -1521 + 1645. What is the remainder when 432 is divided by s?
60
Let t(s) = 74*s + 26. Let b be t(-4). Let j = 274 + b. What is the remainder when 11 is divided by j?
3
Suppose 2111 = 37*g - 3550. What is the remainder when g is divided by 85?
68
Let v(k) = k**3 + 6*k**2 - 124*k - 813. Calculate the remainder when 29590 is divided by v(-10).
25
Let w(f) = 4*f**3 - 13*f**2 + 26*f - 19. Calculate the remainder when 110 is divided by w(2).
6
Suppose -142 + 4966 = 12*o. Calculate the remainder when o is divided by 17.
11
Let i = -37 + 45. Let v(n) be the second derivative of -n**5/20 + 7*n**4/6 + n**3/3 + 3*n**2/2 + 16*n. Calculate the remainder when v(14) is divided by i.
7
Let f = -98 - -120. Let n(l) = -6*l + f - 16 - 9. What is the remainder when 58 is divided by n(-2)?
4
Suppose 16 = 10*p - 64. Suppose -303 = -p*d - 39. What is the remainder when d is divided by (52/6)/(4/6)?
7
Let o = 316 - 305. Suppose -8*h = -3*h. Suppose h = 4*t - 3*k - 66, 2*t - 7 - 19 = 5*k. Calculate the remainder when t is divided by o.
7
Let u = 7354 + -7309. Let c(h) = 39*h - 38*h + 2 + 1 + 8*h**3. Calculate the remainder when c(3) is divided by u.
42
Let k(l) = 3*l**3 + 28*l**2 - 52*l + 57. What is the remainder when 88 is divided by k(-11)?
16
Suppose 0 = 40*k - 588 - 12. Calculate the remainder when 3221 is divided by k.
11
Suppose 0 = -o + 3*v, o - 3*v - 8 = -4*v. Let b = -40047 - -40093. Calculate the remainder when b is divided by o/3 + 16/2.
6
Let p = 6444 - 6405. Calculate the remainder when p is divided by 22.
17
Let a = -139 + 142. Let g(r) be the second derivative of r**4/2 + 2*r**3/3 - 3*r**2 - 5*r. What is the remainder when g(a) is divided by 16?
12
Let g(l) = 2*l**2 - 3*l + 1. Let d(j) = -2*j**2 + 40*j - 36. Let i(x) = -d(x) - 3*g(x). What is the remainder when 73 is divided by i(-8)?
23
Suppose -3*a + 25 = 5*l - 103, -a - 49 = -2*l. What is the remainder when 28 is divided by l?
3
Suppose -532 = -4*y + 880. What is the remainder when y is divided by 120?
113
Suppose 3*b - 33*r - 297 = -36*r, -10*r = -3*b + 271. Suppose 5 = 3*l - 1. Suppose 0 = 3*w + l*w - 45. Calculate the remainder when b is divided by w.
7
Suppose 25 = -9*l + 610 + 108. What is the remainder when 1920 is divided by l?
72
Suppose 6*r - 184 = -3076. Let f = 538 + r. What is the remainder when f is divided by 27?
2
Let x(o) = -23*o**3 + 14*o**2 + 2*o - 12. Let z be x(-5). Suppose 3019 = 17*y - z. Calculate the remainder when y is divided by 16.
14
Suppose -6*c + 2*c = -92. Calculate the remainder when (16254/12)/21 + (-10)/(-4) is divided by c.
21
Let m be 0 + (-251)/2 + 6/12. Let z = m + 134. Calculate the remainder when 52 is divided by z.
7
Suppose 21107 - 21631 = -2*q. Calculate the remainder when q is divided by 34.
24
Suppose z - 5*f + 9 + 20 = 0, 2*f - 10 = 0. Let g = -3 - -33. What is the remainder when (0 + 152/(-10))*g/z is divided by 29?
27
Let x(s) = -3*s - 60. Let i be x(0). Let v = 65 + i. Suppose v*m - 51 = -3*t + 3*m, -34 = -2*t - 2*m. What is the remainder when t is divided by 6?
5
Let q(w) = 36*w + 8. Let z be q(9). Let f = z - 102. What is the remainder when f is divided by 29?
27
Let s be (-124)/((-13 - -3)/5). Suppose -b = c - 12, 5*c + b = -3*b + s. What is the remainder when 37 is divided by c?
9
Suppose -2*j - 14 = -2*v, 0 = -2*v - 4*j - j - 21. Calculate the remainder when v*(1 - 2) - -79 is divided by 13 + -16 - (-19 + 0).
13
Let d(o) = -o**3 + 11*o**2 + 10*o + 15. Let t be d(11). Let w = t - -198. What is the remainder when w is divided by 13?
11
Let s be (-2 + (-34)/8)/((-14)/56). Suppose -2*a = -a - s. Let w = -9 + a. What is the remainder when 77 is divided by w?
13
Let z = -283 - -298. Let t(k) = k**3 - 13*k**2 - 8*k + 66. Calculate the remainder when t(z) is divided by 21.
18
Let f(t) = -4*t**2 + 2*t - 8. Let c be f(4). What is the remainder when -2*5*(-4)/(-20) - c is divided by 6?
2
Let o = -5156 + 5205. Calculate the remainder when 777 is divided by o.
42
Suppose -3*r + 21588 = 18*r. Let a = r - 633. What is the remainder when a is divided by 36?
35
Let f(c) = -6*c + 47. Let q be f(7). Suppose -324 = -4*j - q*j. Calculate the remainder when 214 is divided by j.
34
What is the remainder when 139 is divided by ((-294)/(-18) + -7)*396/231?
11
Let h = -498 - 150. Let m = 655 + h. What is the remainder when 319 is divided by m?
4
Let z(r) be the second derivative of 29*r**3/6 + 5*r**2 - 17*r - 3. What is the remainder when z(1) is divided by 8/(-10)*35/(-2)?
11
Suppose 19*d + 2*x = 14*d + 7964, -3*d - 2*x + 4780 = 0. Calculate the remai